{"id":91,"date":"2024-01-08T15:46:41","date_gmt":"2024-01-08T14:46:41","guid":{"rendered":"https:\/\/lesmotsrelies.fr\/?page_id=91"},"modified":"2024-03-20T19:12:35","modified_gmt":"2024-03-20T18:12:35","slug":"ecriture","status":"publish","type":"page","link":"https:\/\/lesmotsrelies.fr\/index.php\/ecriture\/","title":{"rendered":"\u00c9criture"},"content":{"rendered":"<p>[et_pb_section fb_built=\u00a0\u00bb1&Prime; _builder_version=\u00a0\u00bb4.24.2&Prime; _module_preset=\u00a0\u00bbdefault\u00a0\u00bb background_image=\u00a0\u00bbhttps:\/\/lesmotsrelies.fr\/wp-content\/uploads\/2024\/03\/Ecriture-scaled.jpg\u00a0\u00bb background_position=\u00a0\u00bbtop_center\u00a0\u00bb custom_padding=\u00a0\u00bb150px||150px|||\u00a0\u00bb hover_enabled=\u00a0\u00bb0&Prime; global_colors_info=\u00a0\u00bb{}\u00a0\u00bb title_text=\u00a0\u00bb\u00c9criture\u00a0\u00bb sticky_enabled=\u00a0\u00bb0&Prime;][et_pb_row _builder_version=\u00a0\u00bb4.24.0&Prime; _module_preset=\u00a0\u00bbdefault\u00a0\u00bb global_colors_info=\u00a0\u00bb{}\u00a0\u00bb][et_pb_column type=\u00a0\u00bb4_4&Prime; _builder_version=\u00a0\u00bb4.24.0&Prime; _module_preset=\u00a0\u00bbdefault\u00a0\u00bb global_colors_info=\u00a0\u00bb{}\u00a0\u00bb][et_pb_post_title meta=\u00a0\u00bboff\u00a0\u00bb _builder_version=\u00a0\u00bb4.24.0&Prime; _module_preset=\u00a0\u00bbdefault\u00a0\u00bb title_text_align=\u00a0\u00bbcenter\u00a0\u00bb title_text_color=\u00a0\u00bb#ef8300&Prime; title_text_shadow_style=\u00a0\u00bbpreset3&Prime; title_text_shadow_color=\u00a0\u00bb#40026d\u00a0\u00bb global_colors_info=\u00a0\u00bb{}\u00a0\u00bb][\/et_pb_post_title][\/et_pb_column][\/et_pb_row][\/et_pb_section][et_pb_section fb_built=\u00a0\u00bb1&Prime; _builder_version=\u00a0\u00bb4.23.4&Prime; _module_preset=\u00a0\u00bbdefault\u00a0\u00bb background_color=\u00a0\u00bbRGBA(255,255,255,0)\u00a0\u00bb custom_padding=\u00a0\u00bb30px|||||\u00a0\u00bb global_colors_info=\u00a0\u00bb{}\u00a0\u00bb][et_pb_row _builder_version=\u00a0\u00bb4.24.2&Prime; _module_preset=\u00a0\u00bbdefault\u00a0\u00bb custom_padding=\u00a0\u00bb29px||14px|||\u00a0\u00bb box_shadow_style=\u00a0\u00bbpreset1&Prime; box_shadow_color=\u00a0\u00bb#f09626&Prime; global_colors_info=\u00a0\u00bb{}\u00a0\u00bb][et_pb_column type=\u00a0\u00bb4_4&Prime; _builder_version=\u00a0\u00bb4.23.4&Prime; _module_preset=\u00a0\u00bbdefault\u00a0\u00bb global_colors_info=\u00a0\u00bb{}\u00a0\u00bb][et_pb_text _builder_version=\u00a0\u00bb4.24.2&Prime; _module_preset=\u00a0\u00bbdefault\u00a0\u00bb custom_margin=\u00a0\u00bb-2px|||||\u00a0\u00bb custom_padding=\u00a0\u00bb|10px||10px|false|true\u00a0\u00bb global_colors_info=\u00a0\u00bb{}\u00a0\u00bb]<\/p>\n<p class=\"Standard\" style=\"text-align: justify;\">Le crayon fredonne sur la feuille. Son chant est l\u2019appel de tout ce qui va venir au monde. Et dans un chuchotement joyeux ou dans un cri du c\u0153ur, les mots s\u2019approchent. Ils se laissent coucher sur le lit de papier, ils s\u2019\u00e9chappent, ils jouent avec le crayon, lui apprennent leur musique d\u2019o\u00f9 naissent des mondes, des personnages, des histoires. Un \u00e9lan vital porte le crayon\u2026<\/p>\n<p class=\"Standard\" style=\"text-align: justify;\">jusqu\u2019au del\u00e0 de lui-m\u00eame. Il se fait cam\u00e9l\u00e9on pour d\u2019autres voix qui ne peuvent pas chanter, il appelle les mots pour elles. Un \u00e9cho lui parvient\u00a0: d\u2019autres crayons fredonnent. L\u2019\u00e9lan se transmet, rassemble, et le crayon partage alors avec toutes ces voix s\u0153urs les chants des mots.<\/p>\n<p class=\"Standard\" style=\"text-align: justify;\">Et vous, voulez-vous aussi partager cette musique avec nous\u00a0?<\/p>\n<p><span style=\"font-family: Times New Roman, serif;\"><\/span><span style=\"font-family: Times New Roman, serif;\"><\/span><\/p>\n<p>[\/et_pb_text][\/et_pb_column][\/et_pb_row][et_pb_row column_structure=\u00a0\u00bb1_4,1_4,1_4,1_4&Prime; _builder_version=\u00a0\u00bb4.23.4&Prime; _module_preset=\u00a0\u00bbdefault\u00a0\u00bb global_colors_info=\u00a0\u00bb{}\u00a0\u00bb][et_pb_column type=\u00a0\u00bb1_4&Prime; _builder_version=\u00a0\u00bb4.23.4&Prime; _module_preset=\u00a0\u00bbdefault\u00a0\u00bb global_colors_info=\u00a0\u00bb{}\u00a0\u00bb][et_pb_image src=\u00a0\u00bbhttps:\/\/lesmotsrelies.fr\/wp-content\/uploads\/2024\/03\/Redaction-1-scaled.jpg\u00a0\u00bb alt=\u00a0\u00bbLogo les mots rel\u00e9is\u00a0\u00bb title_text=\u00a0\u00bbR\u00e9daction\u00a0\u00bb url=\u00a0\u00bb@ET-DC@eyJkeW5hbWljIjp0cnVlLCJjb250ZW50IjoicG9zdF9saW5rX3VybF9wYWdlIiwic2V0dGluZ3MiOnsicG9zdF9pZCI6Ijk2In19@\u00a0\u00bb align=\u00a0\u00bbcenter\u00a0\u00bb _builder_version=\u00a0\u00bb4.24.2&Prime; _dynamic_attributes=\u00a0\u00bburl\u00a0\u00bb _module_preset=\u00a0\u00bbdefault\u00a0\u00bb hover_enabled=\u00a0\u00bb0&Prime; global_colors_info=\u00a0\u00bb{}\u00a0\u00bb sticky_enabled=\u00a0\u00bb0&Prime;][\/et_pb_image][et_pb_button button_url=\u00a0\u00bb@ET-DC@eyJkeW5hbWljIjp0cnVlLCJjb250ZW50IjoicG9zdF9saW5rX3VybF9wYWdlIiwic2V0dGluZ3MiOnsicG9zdF9pZCI6Ijk2In19@\u00a0\u00bb button_text=\u00a0\u00bbPrestations de r\u00e9daction\u00a0\u00bb button_alignment=\u00a0\u00bbcenter\u00a0\u00bb _builder_version=\u00a0\u00bb4.23.4&Prime; _dynamic_attributes=\u00a0\u00bbbutton_url\u00a0\u00bb _module_preset=\u00a0\u00bbdefault\u00a0\u00bb global_colors_info=\u00a0\u00bb{}\u00a0\u00bb][\/et_pb_button][\/et_pb_column][et_pb_column type=\u00a0\u00bb1_4&Prime; _builder_version=\u00a0\u00bb4.23.4&Prime; _module_preset=\u00a0\u00bbdefault\u00a0\u00bb global_colors_info=\u00a0\u00bb{}\u00a0\u00bb][et_pb_image src=\u00a0\u00bbhttps:\/\/lesmotsrelies.fr\/wp-content\/uploads\/2024\/03\/Ateliers-decriture-scaled.jpg\u00a0\u00bb alt=\u00a0\u00bbLogo les mots rel\u00e9is\u00a0\u00bb title_text=\u00a0\u00bbAteliers d&rsquo;\u00e9criture\u00a0\u00bb url=\u00a0\u00bb@ET-DC@eyJkeW5hbWljIjp0cnVlLCJjb250ZW50IjoicG9zdF9saW5rX3VybF9wYWdlIiwic2V0dGluZ3MiOnsicG9zdF9pZCI6Ijk4In19@\u00a0\u00bb align=\u00a0\u00bbcenter\u00a0\u00bb _builder_version=\u00a0\u00bb4.24.2&Prime; _dynamic_attributes=\u00a0\u00bburl\u00a0\u00bb _module_preset=\u00a0\u00bbdefault\u00a0\u00bb custom_margin=\u00a0\u00bb||||false|false\u00a0\u00bb hover_enabled=\u00a0\u00bb0&Prime; global_colors_info=\u00a0\u00bb{}\u00a0\u00bb sticky_enabled=\u00a0\u00bb0&Prime;][\/et_pb_image][et_pb_button button_url=\u00a0\u00bb@ET-DC@eyJkeW5hbWljIjp0cnVlLCJjb250ZW50IjoicG9zdF9saW5rX3VybF9wYWdlIiwic2V0dGluZ3MiOnsicG9zdF9pZCI6Ijk4In19@\u00a0\u00bb button_text=\u00a0\u00bbAteliers d&rsquo;\u00e9criture\u00a0\u00bb button_alignment=\u00a0\u00bbcenter\u00a0\u00bb _builder_version=\u00a0\u00bb4.23.4&Prime; _dynamic_attributes=\u00a0\u00bbbutton_url\u00a0\u00bb _module_preset=\u00a0\u00bbdefault\u00a0\u00bb global_colors_info=\u00a0\u00bb{}\u00a0\u00bb][\/et_pb_button][\/et_pb_column][et_pb_column type=\u00a0\u00bb1_4&Prime; _builder_version=\u00a0\u00bb4.23.4&Prime; _module_preset=\u00a0\u00bbdefault\u00a0\u00bb global_colors_info=\u00a0\u00bb{}\u00a0\u00bb][et_pb_image src=\u00a0\u00bbhttps:\/\/lesmotsrelies.fr\/wp-content\/uploads\/2024\/03\/Projets-personnels-decriture-scaled.jpg\u00a0\u00bb alt=\u00a0\u00bbLogo les mots rel\u00e9is\u00a0\u00bb title_text=\u00a0\u00bbProjets personnels d&rsquo;\u00e9criture\u00a0\u00bb url=\u00a0\u00bb@ET-DC@eyJkeW5hbWljIjp0cnVlLCJjb250ZW50IjoicG9zdF9saW5rX3VybF9wYWdlIiwic2V0dGluZ3MiOnsicG9zdF9pZCI6IjEwMCJ9fQ==@\u00a0\u00bb align=\u00a0\u00bbcenter\u00a0\u00bb _builder_version=\u00a0\u00bb4.24.2&Prime; _dynamic_attributes=\u00a0\u00bburl\u00a0\u00bb _module_preset=\u00a0\u00bbdefault\u00a0\u00bb custom_margin=\u00a0\u00bb||||false|false\u00a0\u00bb hover_enabled=\u00a0\u00bb0&Prime; global_colors_info=\u00a0\u00bb{}\u00a0\u00bb sticky_enabled=\u00a0\u00bb0&Prime;][\/et_pb_image][et_pb_button button_url=\u00a0\u00bb@ET-DC@eyJkeW5hbWljIjp0cnVlLCJjb250ZW50IjoicG9zdF9saW5rX3VybF9wYWdlIiwic2V0dGluZ3MiOnsicG9zdF9pZCI6IjEwMCJ9fQ==@\u00a0\u00bb button_text=\u00a0\u00bbProjets personnels\u00a0\u00bb button_alignment=\u00a0\u00bbcenter\u00a0\u00bb _builder_version=\u00a0\u00bb4.23.4&Prime; _dynamic_attributes=\u00a0\u00bbbutton_url\u00a0\u00bb _module_preset=\u00a0\u00bbdefault\u00a0\u00bb global_colors_info=\u00a0\u00bb{}\u00a0\u00bb][\/et_pb_button][\/et_pb_column][et_pb_column type=\u00a0\u00bb1_4&Prime; _builder_version=\u00a0\u00bb4.23.4&Prime; _module_preset=\u00a0\u00bbdefault\u00a0\u00bb global_colors_info=\u00a0\u00bb{}\u00a0\u00bb][et_pb_image src=\u00a0\u00bbhttps:\/\/lesmotsrelies.fr\/wp-content\/uploads\/2024\/03\/Tarifs-ecriture-scaled.jpg\u00a0\u00bb alt=\u00a0\u00bbLogo les mots rel\u00e9is\u00a0\u00bb title_text=\u00a0\u00bbTarifs \u00e9criture\u00a0\u00bb url=\u00a0\u00bb@ET-DC@eyJkeW5hbWljIjp0cnVlLCJjb250ZW50IjoicG9zdF9saW5rX3VybF9wYWdlIiwic2V0dGluZ3MiOnsicG9zdF9pZCI6IjEwMiJ9fQ==@\u00a0\u00bb align=\u00a0\u00bbcenter\u00a0\u00bb _builder_version=\u00a0\u00bb4.24.2&Prime; _dynamic_attributes=\u00a0\u00bburl\u00a0\u00bb _module_preset=\u00a0\u00bbdefault\u00a0\u00bb custom_margin=\u00a0\u00bb||||false|false\u00a0\u00bb hover_enabled=\u00a0\u00bb0&Prime; global_colors_info=\u00a0\u00bb{}\u00a0\u00bb sticky_enabled=\u00a0\u00bb0&Prime;][\/et_pb_image][et_pb_button button_url=\u00a0\u00bb@ET-DC@eyJkeW5hbWljIjp0cnVlLCJjb250ZW50IjoicG9zdF9saW5rX3VybF9wYWdlIiwic2V0dGluZ3MiOnsicG9zdF9pZCI6IjEwMiJ9fQ==@\u00a0\u00bb button_text=\u00a0\u00bbTarifs\u00a0\u00bb button_alignment=\u00a0\u00bbcenter\u00a0\u00bb _builder_version=\u00a0\u00bb4.23.4&Prime; _dynamic_attributes=\u00a0\u00bbbutton_url\u00a0\u00bb _module_preset=\u00a0\u00bbdefault\u00a0\u00bb global_colors_info=\u00a0\u00bb{}\u00a0\u00bb][\/et_pb_button][\/et_pb_column][\/et_pb_row][\/et_pb_section]<\/p>\n","protected":false},"excerpt":{"rendered":"<p>Le crayon fredonne sur la feuille. Son chant est l\u2019appel de tout ce qui va venir au monde. Et dans un chuchotement joyeux ou dans un cri du c\u0153ur, les mots s\u2019approchent. Ils se laissent coucher sur le lit de papier, ils s\u2019\u00e9chappent, ils jouent avec le crayon, lui apprennent leur musique d\u2019o\u00f9 naissent des [&hellip;]<\/p>\n","protected":false},"author":2,"featured_media":0,"parent":0,"menu_order":0,"comment_status":"closed","ping_status":"closed","template":"","meta":{"_et_pb_use_builder":"on","_et_pb_old_content":"","_et_gb_content_width":"","footnotes":""},"class_list":["post-91","page","type-page","status-publish","hentry"],"yoast_head":"<!-- This site is optimized with the Yoast SEO plugin v27.4 - https:\/\/yoast.com\/product\/yoast-seo-wordpress\/ -->\n<title>\u00c9criture - Les Mots Reli\u00e9s<\/title>\n<meta name=\"description\" content=\"Les mots jouent avec le crayon, lui transmettent leur musique. Un \u00e9lan le porte jusqu\u2019\u00e0 d\u2019autres crayons. Et s\u2019il le portait jusqu\u2019\u00e0 vous\u00a0?\" \/>\n<meta name=\"robots\" content=\"index, follow, max-snippet:-1, max-image-preview:large, max-video-preview:-1\" \/>\n<link rel=\"canonical\" href=\"https:\/\/lesmotsrelies.fr\/index.php\/ecriture\/\" \/>\n<meta property=\"og:locale\" content=\"fr_FR\" \/>\n<meta property=\"og:type\" content=\"article\" \/>\n<meta property=\"og:title\" content=\"\u00c9criture - Les Mots Reli\u00e9s\" \/>\n<meta property=\"og:description\" content=\"Les mots jouent avec le crayon, lui transmettent leur musique. Un \u00e9lan le porte jusqu\u2019\u00e0 d\u2019autres crayons. Et s\u2019il le portait jusqu\u2019\u00e0 vous\u00a0?\" \/>\n<meta property=\"og:url\" content=\"https:\/\/lesmotsrelies.fr\/index.php\/ecriture\/\" \/>\n<meta property=\"og:site_name\" content=\"Les Mots Reli\u00e9s\" \/>\n<meta property=\"article:modified_time\" content=\"2024-03-20T18:12:35+00:00\" \/>\n<meta name=\"twitter:card\" content=\"summary_large_image\" \/>\n<meta name=\"twitter:label1\" content=\"Dur\u00e9e de lecture estim\u00e9e\" \/>\n\t<meta name=\"twitter:data1\" content=\"2 minutes\" \/>\n<script type=\"application\/ld+json\" class=\"yoast-schema-graph\">{\"@context\":\"https:\\\/\\\/schema.org\",\"@graph\":[{\"@type\":\"WebPage\",\"@id\":\"https:\\\/\\\/lesmotsrelies.fr\\\/index.php\\\/ecriture\\\/\",\"url\":\"https:\\\/\\\/lesmotsrelies.fr\\\/index.php\\\/ecriture\\\/\",\"name\":\"\u00c9criture - Les Mots Reli\u00e9s\",\"isPartOf\":{\"@id\":\"https:\\\/\\\/lesmotsrelies.fr\\\/#website\"},\"datePublished\":\"2024-01-08T14:46:41+00:00\",\"dateModified\":\"2024-03-20T18:12:35+00:00\",\"description\":\"Les mots jouent avec le crayon, lui transmettent leur musique. Un \u00e9lan le porte jusqu\u2019\u00e0 d\u2019autres crayons. Et s\u2019il le portait jusqu\u2019\u00e0 vous\u00a0?\",\"breadcrumb\":{\"@id\":\"https:\\\/\\\/lesmotsrelies.fr\\\/index.php\\\/ecriture\\\/#breadcrumb\"},\"inLanguage\":\"fr-FR\",\"potentialAction\":[{\"@type\":\"ReadAction\",\"target\":[\"https:\\\/\\\/lesmotsrelies.fr\\\/index.php\\\/ecriture\\\/\"]}]},{\"@type\":\"BreadcrumbList\",\"@id\":\"https:\\\/\\\/lesmotsrelies.fr\\\/index.php\\\/ecriture\\\/#breadcrumb\",\"itemListElement\":[{\"@type\":\"ListItem\",\"position\":1,\"name\":\"Accueil\",\"item\":\"https:\\\/\\\/lesmotsrelies.fr\\\/\"},{\"@type\":\"ListItem\",\"position\":2,\"name\":\"\u00c9criture\"}]},{\"@type\":\"WebSite\",\"@id\":\"https:\\\/\\\/lesmotsrelies.fr\\\/#website\",\"url\":\"https:\\\/\\\/lesmotsrelies.fr\\\/\",\"name\":\"Les Mots Reli\u00e9s\",\"description\":\"Sur le chemin de cr\u00e9ation des livres\",\"publisher\":{\"@id\":\"https:\\\/\\\/lesmotsrelies.fr\\\/#organization\"},\"alternateName\":\"Cl\u00e9mence Givonetti\",\"potentialAction\":[{\"@type\":\"SearchAction\",\"target\":{\"@type\":\"EntryPoint\",\"urlTemplate\":\"https:\\\/\\\/lesmotsrelies.fr\\\/?s={search_term_string}\"},\"query-input\":{\"@type\":\"PropertyValueSpecification\",\"valueRequired\":true,\"valueName\":\"search_term_string\"}}],\"inLanguage\":\"fr-FR\"},{\"@type\":\"Organization\",\"@id\":\"https:\\\/\\\/lesmotsrelies.fr\\\/#organization\",\"name\":\"Les Mots Reli\u00e9s\",\"alternateName\":\"Cl\u00e9mence Givonetti\",\"url\":\"https:\\\/\\\/lesmotsrelies.fr\\\/\",\"logo\":{\"@type\":\"ImageObject\",\"inLanguage\":\"fr-FR\",\"@id\":\"https:\\\/\\\/lesmotsrelies.fr\\\/#\\\/schema\\\/logo\\\/image\\\/\",\"url\":\"https:\\\/\\\/lesmotsrelies.fr\\\/wp-content\\\/uploads\\\/2024\\\/01\\\/image1696763147700.png\",\"contentUrl\":\"https:\\\/\\\/lesmotsrelies.fr\\\/wp-content\\\/uploads\\\/2024\\\/01\\\/image1696763147700.png\",\"width\":200,\"height\":178,\"caption\":\"Les Mots Reli\u00e9s\"},\"image\":{\"@id\":\"https:\\\/\\\/lesmotsrelies.fr\\\/#\\\/schema\\\/logo\\\/image\\\/\"}}]}<\/script>\n<!-- \/ Yoast SEO plugin. -->","yoast_head_json":{"title":"\u00c9criture - Les Mots Reli\u00e9s","description":"Les mots jouent avec le crayon, lui transmettent leur musique. Un \u00e9lan le porte jusqu\u2019\u00e0 d\u2019autres crayons. Et s\u2019il le portait jusqu\u2019\u00e0 vous\u00a0?","robots":{"index":"index","follow":"follow","max-snippet":"max-snippet:-1","max-image-preview":"max-image-preview:large","max-video-preview":"max-video-preview:-1"},"canonical":"https:\/\/lesmotsrelies.fr\/index.php\/ecriture\/","og_locale":"fr_FR","og_type":"article","og_title":"\u00c9criture - Les Mots Reli\u00e9s","og_description":"Les mots jouent avec le crayon, lui transmettent leur musique. Un \u00e9lan le porte jusqu\u2019\u00e0 d\u2019autres crayons. Et s\u2019il le portait jusqu\u2019\u00e0 vous\u00a0?","og_url":"https:\/\/lesmotsrelies.fr\/index.php\/ecriture\/","og_site_name":"Les Mots Reli\u00e9s","article_modified_time":"2024-03-20T18:12:35+00:00","twitter_card":"summary_large_image","twitter_misc":{"Dur\u00e9e de lecture estim\u00e9e":"2 minutes"},"schema":{"@context":"https:\/\/schema.org","@graph":[{"@type":"WebPage","@id":"https:\/\/lesmotsrelies.fr\/index.php\/ecriture\/","url":"https:\/\/lesmotsrelies.fr\/index.php\/ecriture\/","name":"\u00c9criture - Les Mots Reli\u00e9s","isPartOf":{"@id":"https:\/\/lesmotsrelies.fr\/#website"},"datePublished":"2024-01-08T14:46:41+00:00","dateModified":"2024-03-20T18:12:35+00:00","description":"Les mots jouent avec le crayon, lui transmettent leur musique. Un \u00e9lan le porte jusqu\u2019\u00e0 d\u2019autres crayons. Et s\u2019il le portait jusqu\u2019\u00e0 vous\u00a0?","breadcrumb":{"@id":"https:\/\/lesmotsrelies.fr\/index.php\/ecriture\/#breadcrumb"},"inLanguage":"fr-FR","potentialAction":[{"@type":"ReadAction","target":["https:\/\/lesmotsrelies.fr\/index.php\/ecriture\/"]}]},{"@type":"BreadcrumbList","@id":"https:\/\/lesmotsrelies.fr\/index.php\/ecriture\/#breadcrumb","itemListElement":[{"@type":"ListItem","position":1,"name":"Accueil","item":"https:\/\/lesmotsrelies.fr\/"},{"@type":"ListItem","position":2,"name":"\u00c9criture"}]},{"@type":"WebSite","@id":"https:\/\/lesmotsrelies.fr\/#website","url":"https:\/\/lesmotsrelies.fr\/","name":"Les Mots Reli\u00e9s","description":"Sur le chemin de cr\u00e9ation des livres","publisher":{"@id":"https:\/\/lesmotsrelies.fr\/#organization"},"alternateName":"Cl\u00e9mence Givonetti","potentialAction":[{"@type":"SearchAction","target":{"@type":"EntryPoint","urlTemplate":"https:\/\/lesmotsrelies.fr\/?s={search_term_string}"},"query-input":{"@type":"PropertyValueSpecification","valueRequired":true,"valueName":"search_term_string"}}],"inLanguage":"fr-FR"},{"@type":"Organization","@id":"https:\/\/lesmotsrelies.fr\/#organization","name":"Les Mots Reli\u00e9s","alternateName":"Cl\u00e9mence Givonetti","url":"https:\/\/lesmotsrelies.fr\/","logo":{"@type":"ImageObject","inLanguage":"fr-FR","@id":"https:\/\/lesmotsrelies.fr\/#\/schema\/logo\/image\/","url":"https:\/\/lesmotsrelies.fr\/wp-content\/uploads\/2024\/01\/image1696763147700.png","contentUrl":"https:\/\/lesmotsrelies.fr\/wp-content\/uploads\/2024\/01\/image1696763147700.png","width":200,"height":178,"caption":"Les Mots Reli\u00e9s"},"image":{"@id":"https:\/\/lesmotsrelies.fr\/#\/schema\/logo\/image\/"}}]}},"_links":{"self":[{"href":"https:\/\/lesmotsrelies.fr\/index.php\/wp-json\/wp\/v2\/pages\/91","targetHints":{"allow":["GET"]}}],"collection":[{"href":"https:\/\/lesmotsrelies.fr\/index.php\/wp-json\/wp\/v2\/pages"}],"about":[{"href":"https:\/\/lesmotsrelies.fr\/index.php\/wp-json\/wp\/v2\/types\/page"}],"author":[{"embeddable":true,"href":"https:\/\/lesmotsrelies.fr\/index.php\/wp-json\/wp\/v2\/users\/2"}],"replies":[{"embeddable":true,"href":"https:\/\/lesmotsrelies.fr\/index.php\/wp-json\/wp\/v2\/comments?post=91"}],"version-history":[{"count":16,"href":"https:\/\/lesmotsrelies.fr\/index.php\/wp-json\/wp\/v2\/pages\/91\/revisions"}],"predecessor-version":[{"id":1114,"href":"https:\/\/lesmotsrelies.fr\/index.php\/wp-json\/wp\/v2\/pages\/91\/revisions\/1114"}],"wp:attachment":[{"href":"https:\/\/lesmotsrelies.fr\/index.php\/wp-json\/wp\/v2\/media?parent=91"}],"curies":[{"name":"wp","href":"https:\/\/api.w.org\/{rel}","templated":true}]}}