{"id":47,"date":"2024-01-08T15:10:42","date_gmt":"2024-01-08T14:10:42","guid":{"rendered":"https:\/\/lesmotsrelies.fr\/?page_id=47"},"modified":"2024-04-01T09:34:50","modified_gmt":"2024-04-01T07:34:50","slug":"reliure-de-creation","status":"publish","type":"page","link":"https:\/\/lesmotsrelies.fr\/index.php\/reliure\/reliure-de-creation\/","title":{"rendered":"Reliure de cr\u00e9ation"},"content":{"rendered":"<p>[et_pb_section fb_built=\u00a0\u00bb1&Prime; _builder_version=\u00a0\u00bb4.24.2&Prime; _module_preset=\u00a0\u00bbdefault\u00a0\u00bb background_image=\u00a0\u00bbhttps:\/\/lesmotsrelies.fr\/wp-content\/uploads\/2024\/03\/Reliure-creative-scaled.jpg\u00a0\u00bb custom_padding=\u00a0\u00bb150px||150px|||\u00a0\u00bb global_colors_info=\u00a0\u00bb{}\u00a0\u00bb][et_pb_row _builder_version=\u00a0\u00bb4.24.0&Prime; _module_preset=\u00a0\u00bbdefault\u00a0\u00bb global_colors_info=\u00a0\u00bb{}\u00a0\u00bb][et_pb_column type=\u00a0\u00bb4_4&Prime; _builder_version=\u00a0\u00bb4.24.0&Prime; _module_preset=\u00a0\u00bbdefault\u00a0\u00bb global_colors_info=\u00a0\u00bb{}\u00a0\u00bb][et_pb_post_title meta=\u00a0\u00bboff\u00a0\u00bb _builder_version=\u00a0\u00bb4.24.2&Prime; _module_preset=\u00a0\u00bbdefault\u00a0\u00bb title_text_align=\u00a0\u00bbcenter\u00a0\u00bb title_text_color=\u00a0\u00bbgcid-9682580a-f41a-4704-8c54-eef4630f081f\u00a0\u00bb title_text_shadow_style=\u00a0\u00bbpreset3&Prime; title_text_shadow_color=\u00a0\u00bb#ffdecc\u00a0\u00bb global_colors_info=\u00a0\u00bb{%22gcid-9682580a-f41a-4704-8c54-eef4630f081f%22:%91%22title_text_color%22%93}\u00a0\u00bb][\/et_pb_post_title][\/et_pb_column][\/et_pb_row][\/et_pb_section][et_pb_section fb_built=\u00a0\u00bb1&Prime; _builder_version=\u00a0\u00bb4.23.4&Prime; _module_preset=\u00a0\u00bbdefault\u00a0\u00bb background_color=\u00a0\u00bbRGBA(255,255,255,0)\u00a0\u00bb global_colors_info=\u00a0\u00bb{}\u00a0\u00bb][et_pb_row _builder_version=\u00a0\u00bb4.23.4&Prime; _module_preset=\u00a0\u00bbdefault\u00a0\u00bb custom_padding=\u00a0\u00bb||0px|||\u00a0\u00bb global_colors_info=\u00a0\u00bb{}\u00a0\u00bb][et_pb_column type=\u00a0\u00bb4_4&Prime; _builder_version=\u00a0\u00bb4.23.4&Prime; _module_preset=\u00a0\u00bbdefault\u00a0\u00bb global_colors_info=\u00a0\u00bb{}\u00a0\u00bb][et_pb_text _builder_version=\u00a0\u00bb4.24.2&Prime; _module_preset=\u00a0\u00bbdefault\u00a0\u00bb hover_enabled=\u00a0\u00bb0&Prime; global_colors_info=\u00a0\u00bb{}\u00a0\u00bb sticky_enabled=\u00a0\u00bb0&Prime;]<\/p>\n<p class=\"Standard\" style=\"text-align: justify;\">Imaginez-moi il y a quelques ann\u00e9es, jeune \u00e9tudiante, toute heureuse de me trimballer un encombrant sac de carton \u00e0 dessin dans les rues de Toulouse \u00e0 la recherche de papiers et mat\u00e9riaux pour mes premi\u00e8res reliures, retrouvant ce plaisir cr\u00e9atif de mes ann\u00e9es d\u2019arts plastiques au lyc\u00e9e.<\/p>\n<p class=\"Standard\" style=\"text-align: justify;\"><o:p><\/o:p>Car la reliure est un artisanat d\u2019art. Un artisanat soucieux de la sant\u00e9 des livres, certes, mais qui laisse aussi la part belle \u00e0 la cr\u00e9ativit\u00e9 et \u00e0 la recherche esth\u00e9tique. Il n\u2019y a qu\u2019\u00e0 voir, pour s\u2019en convaincre, certains ouvrages contemporains ou des si\u00e8cles pr\u00e9c\u00e9dents, magnifiquement orn\u00e9s de dorures, de broderies, d\u2019incrustations\u00a0! Et c\u2019est d\u2019ailleurs cet aspect artistique, l\u2019alliance des lettres et des arts offerte par cet objet formidable qu\u2019est le livre, qui m\u2019a men\u00e9e jusqu\u2019\u00e0 la reliure.<o:p><\/o:p><\/p>\n<p class=\"Standard\" style=\"text-align: justify;\">\n<p>[\/et_pb_text][\/et_pb_column][\/et_pb_row][et_pb_row column_structure=\u00a0\u00bb1_2,1_2&Prime; _builder_version=\u00a0\u00bb4.24.0&Prime; _module_preset=\u00a0\u00bbdefault\u00a0\u00bb custom_margin=\u00a0\u00bb11px|auto||auto||\u00a0\u00bb custom_padding=\u00a0\u00bb0px|||||\u00a0\u00bb global_colors_info=\u00a0\u00bb{}\u00a0\u00bb][et_pb_column type=\u00a0\u00bb1_2&Prime; _builder_version=\u00a0\u00bb4.24.0&Prime; _module_preset=\u00a0\u00bbdefault\u00a0\u00bb global_colors_info=\u00a0\u00bb{}\u00a0\u00bb][et_pb_text _builder_version=\u00a0\u00bb4.24.2&Prime; _module_preset=\u00a0\u00bbdefault\u00a0\u00bb custom_margin=\u00a0\u00bb-14px|||||\u00a0\u00bb hover_enabled=\u00a0\u00bb0&Prime; global_colors_info=\u00a0\u00bb{}\u00a0\u00bb sticky_enabled=\u00a0\u00bb0&Prime;]<\/p>\n<p class=\"Standard\" style=\"text-align: justify;\"><o:p><\/o:p><\/p>\n<p class=\"Standard\" style=\"text-align: justify;\">Associer les couleurs, les mati\u00e8res, m\u00ealer les techniques, les m\u00e9diums, cr\u00e9er des ponts entre les arts, faire de l\u2019objet livre un reflet de son contenu \u00e9crit ou en devenir\u2026 la reliure cr\u00e9ative est le lieu de toutes les explorations.<o:p><\/o:p><\/p>\n<p class=\"Standard\" style=\"text-align: justify;\">Le lieu o\u00f9 les techniques de reliure traditionnelle partagent la place avec de nombreuses techniques de reliure \u00ab fantaisie \u00bb, \u00e0 couture visible ou non : reliures coptes, longstitch, japonaises, criss-cross, crois\u00e9es, correntinha\u2026<o:p><\/o:p><\/p>\n<p class=\"Standard\" style=\"text-align: justify;\">C\u2019est le lieu de la reliure d\u2019art avec sa grande recherche artistique, de la cr\u00e9ation de carnets et livres blancs (livre d\u2019or, livre-accessoire pour agr\u00e9menter un costume ou un spectacle\u2026), de la reproduction en fac-simil\u00e9 d\u2019ouvrages anciens (cr\u00e9es selon les techniques et esth\u00e9tiques de p\u00e9riodes pass\u00e9es pr\u00e9cises), ainsi que de micro-\u00e9ditions \u00e0 tirages limit\u00e9s.<o:p><\/o:p><\/p>\n<p class=\"Standard\" style=\"text-align: justify;\">Bref, le lieu de la r\u00e9alisation du fort potentiel artistique de l\u2019objet-livre, en lien \u00e9troit avec les mots et images qui s\u2019y d\u00e9posent.<\/p>\n<p>[\/et_pb_text][\/et_pb_column][et_pb_column type=\u00a0\u00bb1_2&Prime; _builder_version=\u00a0\u00bb4.24.0&Prime; _module_preset=\u00a0\u00bbdefault\u00a0\u00bb global_colors_info=\u00a0\u00bb{}\u00a0\u00bb][et_pb_gallery gallery_ids=\u00a0\u00bb1078,1079,1080,1085,1083,1082,1081,1084,1086&Prime; fullwidth=\u00a0\u00bbon\u00a0\u00bb _builder_version=\u00a0\u00bb4.24.2&Prime; _module_preset=\u00a0\u00bbdefault\u00a0\u00bb title_level=\u00a0\u00bbh6&Prime; title_font=\u00a0\u00bbCagliostro||||||||\u00a0\u00bb title_text_color=\u00a0\u00bb#000000&Prime; title_font_size=\u00a0\u00bb15px\u00a0\u00bb text_orientation=\u00a0\u00bbcenter\u00a0\u00bb width=\u00a0\u00bb100%\u00a0\u00bb module_alignment=\u00a0\u00bbcenter\u00a0\u00bb max_height=\u00a0\u00bb435px\u00a0\u00bb global_colors_info=\u00a0\u00bb{}\u00a0\u00bb][\/et_pb_gallery][et_pb_text _builder_version=\u00a0\u00bb4.24.0&Prime; _module_preset=\u00a0\u00bbdefault\u00a0\u00bb custom_margin=\u00a0\u00bb-29px|||||\u00a0\u00bb global_colors_info=\u00a0\u00bb{}\u00a0\u00bb]<\/p>\n<p style=\"text-align: center;\"><strong>Quelques \u00e9tapes de reliure de <em>Tierce contre Tierce<\/em><\/strong><\/p>\n<p>[\/et_pb_text][\/et_pb_column][\/et_pb_row][et_pb_row column_structure=\u00a0\u00bb1_2,1_2&Prime; _builder_version=\u00a0\u00bb4.24.0&Prime; _module_preset=\u00a0\u00bbdefault\u00a0\u00bb global_colors_info=\u00a0\u00bb{}\u00a0\u00bb][et_pb_column type=\u00a0\u00bb1_2&Prime; _builder_version=\u00a0\u00bb4.24.0&Prime; _module_preset=\u00a0\u00bbdefault\u00a0\u00bb global_colors_info=\u00a0\u00bb{}\u00a0\u00bb][et_pb_gallery gallery_ids=\u00a0\u00bb1073,1075,1077,1074,1076&Prime; posts_number=\u00a0\u00bb5&Prime; _builder_version=\u00a0\u00bb4.24.2&Prime; _module_preset=\u00a0\u00bbdefault\u00a0\u00bb title_level=\u00a0\u00bbh6&Prime; title_font=\u00a0\u00bbCagliostro||||||||\u00a0\u00bb title_text_align=\u00a0\u00bbcenter\u00a0\u00bb title_font_size=\u00a0\u00bb15px\u00a0\u00bb global_colors_info=\u00a0\u00bb{}\u00a0\u00bb][\/et_pb_gallery][\/et_pb_column][et_pb_column type=\u00a0\u00bb1_2&Prime; _builder_version=\u00a0\u00bb4.24.0&Prime; _module_preset=\u00a0\u00bbdefault\u00a0\u00bb global_colors_info=\u00a0\u00bb{}\u00a0\u00bb][et_pb_gallery gallery_ids=\u00a0\u00bb1067&Prime; fullwidth=\u00a0\u00bbon\u00a0\u00bb _builder_version=\u00a0\u00bb4.24.2&Prime; _module_preset=\u00a0\u00bbdefault\u00a0\u00bb global_colors_info=\u00a0\u00bb{}\u00a0\u00bb][\/et_pb_gallery][et_pb_text _builder_version=\u00a0\u00bb4.24.0&Prime; _module_preset=\u00a0\u00bbdefault\u00a0\u00bb min_height=\u00a0\u00bb29.8px\u00a0\u00bb custom_margin=\u00a0\u00bb-29px|||||\u00a0\u00bb custom_padding=\u00a0\u00bb0px|||||\u00a0\u00bb global_colors_info=\u00a0\u00bb{}\u00a0\u00bb]<\/p>\n<p style=\"text-align: center;\"><strong>Deux exemplaires d&rsquo;une th\u00e8se \u2013 Plein cuir \u00e0 quatre nerfs saut\u00e9s<\/strong><\/p>\n<p>[\/et_pb_text][et_pb_gallery gallery_ids=\u00a0\u00bb1069,1070,1088,1087,1089,1072,1071&Prime; fullwidth=\u00a0\u00bbon\u00a0\u00bb _builder_version=\u00a0\u00bb4.24.2&Prime; _module_preset=\u00a0\u00bbdefault\u00a0\u00bb global_colors_info=\u00a0\u00bb{}\u00a0\u00bb][\/et_pb_gallery][et_pb_text _builder_version=\u00a0\u00bb4.24.0&Prime; _module_preset=\u00a0\u00bbdefault\u00a0\u00bb custom_margin=\u00a0\u00bb-28px|||||\u00a0\u00bb global_colors_info=\u00a0\u00bb{}\u00a0\u00bb]<\/p>\n<p style=\"text-align: justify;\"><strong>Exemple d&rsquo;une mosa\u00efque de cuir sur livre : les <em>Idylles<\/em> de Th\u00e9ocrite, plein cuir mosa\u00efqu\u00e9 en reprenant le motif de ch\u00e8vre de la couverture d&rsquo;origine, et les couleurs de l&rsquo;ouvrage : rouge pour le cadre qui entoure chaque page de texte, bleu pour la gravure de couverture et jaune pour le dor\u00e9 du titre.<\/strong><\/p>\n<p>[\/et_pb_text][\/et_pb_column][\/et_pb_row][\/et_pb_section]<\/p>\n","protected":false},"excerpt":{"rendered":"<p>Imaginez-moi il y a quelques ann\u00e9es, jeune \u00e9tudiante, toute heureuse de me trimballer un encombrant sac de carton \u00e0 dessin dans les rues de Toulouse \u00e0 la recherche de papiers et mat\u00e9riaux pour mes premi\u00e8res reliures, retrouvant ce plaisir cr\u00e9atif de mes ann\u00e9es d\u2019arts plastiques au lyc\u00e9e. Car la reliure est un artisanat d\u2019art. Un [&hellip;]<\/p>\n","protected":false},"author":2,"featured_media":0,"parent":15,"menu_order":0,"comment_status":"closed","ping_status":"closed","template":"","meta":{"_et_pb_use_builder":"on","_et_pb_old_content":"","_et_gb_content_width":"","footnotes":""},"class_list":["post-47","page","type-page","status-publish","hentry"],"yoast_head":"<!-- This site is optimized with the Yoast SEO plugin v27.5 - https:\/\/yoast.com\/product\/yoast-seo-wordpress\/ -->\n<title>Reliure de cr\u00e9ation - Les Mots Reli\u00e9s<\/title>\n<meta name=\"description\" content=\"Reliure d\u2019art, carnets\u2026 la reliure de cr\u00e9ation est le lieu de tous les jeux de couleurs, de mati\u00e8res, de techniques et un pont entre les arts.\" \/>\n<meta name=\"robots\" content=\"index, follow, max-snippet:-1, max-image-preview:large, max-video-preview:-1\" \/>\n<link rel=\"canonical\" href=\"https:\/\/lesmotsrelies.fr\/index.php\/reliure\/reliure-de-creation\/\" \/>\n<meta property=\"og:locale\" content=\"fr_FR\" \/>\n<meta property=\"og:type\" content=\"article\" \/>\n<meta property=\"og:title\" content=\"Reliure de cr\u00e9ation - Les Mots Reli\u00e9s\" \/>\n<meta property=\"og:description\" content=\"Reliure d\u2019art, carnets\u2026 la reliure de cr\u00e9ation est le lieu de tous les jeux de couleurs, de mati\u00e8res, de techniques et un pont entre les arts.\" \/>\n<meta property=\"og:url\" content=\"https:\/\/lesmotsrelies.fr\/index.php\/reliure\/reliure-de-creation\/\" \/>\n<meta property=\"og:site_name\" content=\"Les Mots Reli\u00e9s\" \/>\n<meta property=\"article:modified_time\" content=\"2024-04-01T07:34:50+00:00\" \/>\n<meta name=\"twitter:card\" content=\"summary_large_image\" \/>\n<meta name=\"twitter:label1\" content=\"Dur\u00e9e de lecture estim\u00e9e\" \/>\n\t<meta name=\"twitter:data1\" content=\"7 minutes\" \/>\n<script type=\"application\/ld+json\" class=\"yoast-schema-graph\">{\"@context\":\"https:\\\/\\\/schema.org\",\"@graph\":[{\"@type\":\"WebPage\",\"@id\":\"https:\\\/\\\/lesmotsrelies.fr\\\/index.php\\\/reliure\\\/reliure-de-creation\\\/\",\"url\":\"https:\\\/\\\/lesmotsrelies.fr\\\/index.php\\\/reliure\\\/reliure-de-creation\\\/\",\"name\":\"Reliure de cr\u00e9ation - Les Mots Reli\u00e9s\",\"isPartOf\":{\"@id\":\"https:\\\/\\\/lesmotsrelies.fr\\\/#website\"},\"datePublished\":\"2024-01-08T14:10:42+00:00\",\"dateModified\":\"2024-04-01T07:34:50+00:00\",\"description\":\"Reliure d\u2019art, carnets\u2026 la reliure de cr\u00e9ation est le lieu de tous les jeux de couleurs, de mati\u00e8res, de techniques et un pont entre les arts.\",\"breadcrumb\":{\"@id\":\"https:\\\/\\\/lesmotsrelies.fr\\\/index.php\\\/reliure\\\/reliure-de-creation\\\/#breadcrumb\"},\"inLanguage\":\"fr-FR\",\"potentialAction\":[{\"@type\":\"ReadAction\",\"target\":[\"https:\\\/\\\/lesmotsrelies.fr\\\/index.php\\\/reliure\\\/reliure-de-creation\\\/\"]}]},{\"@type\":\"BreadcrumbList\",\"@id\":\"https:\\\/\\\/lesmotsrelies.fr\\\/index.php\\\/reliure\\\/reliure-de-creation\\\/#breadcrumb\",\"itemListElement\":[{\"@type\":\"ListItem\",\"position\":1,\"name\":\"Accueil\",\"item\":\"https:\\\/\\\/lesmotsrelies.fr\\\/\"},{\"@type\":\"ListItem\",\"position\":2,\"name\":\"Reliure\",\"item\":\"https:\\\/\\\/lesmotsrelies.fr\\\/index.php\\\/reliure\\\/\"},{\"@type\":\"ListItem\",\"position\":3,\"name\":\"Reliure de cr\u00e9ation\"}]},{\"@type\":\"WebSite\",\"@id\":\"https:\\\/\\\/lesmotsrelies.fr\\\/#website\",\"url\":\"https:\\\/\\\/lesmotsrelies.fr\\\/\",\"name\":\"Les Mots Reli\u00e9s\",\"description\":\"Sur le chemin de cr\u00e9ation des livres\",\"publisher\":{\"@id\":\"https:\\\/\\\/lesmotsrelies.fr\\\/#organization\"},\"alternateName\":\"Cl\u00e9mence Givonetti\",\"potentialAction\":[{\"@type\":\"SearchAction\",\"target\":{\"@type\":\"EntryPoint\",\"urlTemplate\":\"https:\\\/\\\/lesmotsrelies.fr\\\/?s={search_term_string}\"},\"query-input\":{\"@type\":\"PropertyValueSpecification\",\"valueRequired\":true,\"valueName\":\"search_term_string\"}}],\"inLanguage\":\"fr-FR\"},{\"@type\":\"Organization\",\"@id\":\"https:\\\/\\\/lesmotsrelies.fr\\\/#organization\",\"name\":\"Les Mots Reli\u00e9s\",\"alternateName\":\"Cl\u00e9mence Givonetti\",\"url\":\"https:\\\/\\\/lesmotsrelies.fr\\\/\",\"logo\":{\"@type\":\"ImageObject\",\"inLanguage\":\"fr-FR\",\"@id\":\"https:\\\/\\\/lesmotsrelies.fr\\\/#\\\/schema\\\/logo\\\/image\\\/\",\"url\":\"https:\\\/\\\/lesmotsrelies.fr\\\/wp-content\\\/uploads\\\/2024\\\/01\\\/image1696763147700.png\",\"contentUrl\":\"https:\\\/\\\/lesmotsrelies.fr\\\/wp-content\\\/uploads\\\/2024\\\/01\\\/image1696763147700.png\",\"width\":200,\"height\":178,\"caption\":\"Les Mots Reli\u00e9s\"},\"image\":{\"@id\":\"https:\\\/\\\/lesmotsrelies.fr\\\/#\\\/schema\\\/logo\\\/image\\\/\"}}]}<\/script>\n<!-- \/ Yoast SEO plugin. -->","yoast_head_json":{"title":"Reliure de cr\u00e9ation - Les Mots Reli\u00e9s","description":"Reliure d\u2019art, carnets\u2026 la reliure de cr\u00e9ation est le lieu de tous les jeux de couleurs, de mati\u00e8res, de techniques et un pont entre les arts.","robots":{"index":"index","follow":"follow","max-snippet":"max-snippet:-1","max-image-preview":"max-image-preview:large","max-video-preview":"max-video-preview:-1"},"canonical":"https:\/\/lesmotsrelies.fr\/index.php\/reliure\/reliure-de-creation\/","og_locale":"fr_FR","og_type":"article","og_title":"Reliure de cr\u00e9ation - Les Mots Reli\u00e9s","og_description":"Reliure d\u2019art, carnets\u2026 la reliure de cr\u00e9ation est le lieu de tous les jeux de couleurs, de mati\u00e8res, de techniques et un pont entre les arts.","og_url":"https:\/\/lesmotsrelies.fr\/index.php\/reliure\/reliure-de-creation\/","og_site_name":"Les Mots Reli\u00e9s","article_modified_time":"2024-04-01T07:34:50+00:00","twitter_card":"summary_large_image","twitter_misc":{"Dur\u00e9e de lecture estim\u00e9e":"7 minutes"},"schema":{"@context":"https:\/\/schema.org","@graph":[{"@type":"WebPage","@id":"https:\/\/lesmotsrelies.fr\/index.php\/reliure\/reliure-de-creation\/","url":"https:\/\/lesmotsrelies.fr\/index.php\/reliure\/reliure-de-creation\/","name":"Reliure de cr\u00e9ation - Les Mots Reli\u00e9s","isPartOf":{"@id":"https:\/\/lesmotsrelies.fr\/#website"},"datePublished":"2024-01-08T14:10:42+00:00","dateModified":"2024-04-01T07:34:50+00:00","description":"Reliure d\u2019art, carnets\u2026 la reliure de cr\u00e9ation est le lieu de tous les jeux de couleurs, de mati\u00e8res, de techniques et un pont entre les arts.","breadcrumb":{"@id":"https:\/\/lesmotsrelies.fr\/index.php\/reliure\/reliure-de-creation\/#breadcrumb"},"inLanguage":"fr-FR","potentialAction":[{"@type":"ReadAction","target":["https:\/\/lesmotsrelies.fr\/index.php\/reliure\/reliure-de-creation\/"]}]},{"@type":"BreadcrumbList","@id":"https:\/\/lesmotsrelies.fr\/index.php\/reliure\/reliure-de-creation\/#breadcrumb","itemListElement":[{"@type":"ListItem","position":1,"name":"Accueil","item":"https:\/\/lesmotsrelies.fr\/"},{"@type":"ListItem","position":2,"name":"Reliure","item":"https:\/\/lesmotsrelies.fr\/index.php\/reliure\/"},{"@type":"ListItem","position":3,"name":"Reliure de cr\u00e9ation"}]},{"@type":"WebSite","@id":"https:\/\/lesmotsrelies.fr\/#website","url":"https:\/\/lesmotsrelies.fr\/","name":"Les Mots Reli\u00e9s","description":"Sur le chemin de cr\u00e9ation des livres","publisher":{"@id":"https:\/\/lesmotsrelies.fr\/#organization"},"alternateName":"Cl\u00e9mence Givonetti","potentialAction":[{"@type":"SearchAction","target":{"@type":"EntryPoint","urlTemplate":"https:\/\/lesmotsrelies.fr\/?s={search_term_string}"},"query-input":{"@type":"PropertyValueSpecification","valueRequired":true,"valueName":"search_term_string"}}],"inLanguage":"fr-FR"},{"@type":"Organization","@id":"https:\/\/lesmotsrelies.fr\/#organization","name":"Les Mots Reli\u00e9s","alternateName":"Cl\u00e9mence Givonetti","url":"https:\/\/lesmotsrelies.fr\/","logo":{"@type":"ImageObject","inLanguage":"fr-FR","@id":"https:\/\/lesmotsrelies.fr\/#\/schema\/logo\/image\/","url":"https:\/\/lesmotsrelies.fr\/wp-content\/uploads\/2024\/01\/image1696763147700.png","contentUrl":"https:\/\/lesmotsrelies.fr\/wp-content\/uploads\/2024\/01\/image1696763147700.png","width":200,"height":178,"caption":"Les Mots Reli\u00e9s"},"image":{"@id":"https:\/\/lesmotsrelies.fr\/#\/schema\/logo\/image\/"}}]}},"_links":{"self":[{"href":"https:\/\/lesmotsrelies.fr\/index.php\/wp-json\/wp\/v2\/pages\/47","targetHints":{"allow":["GET"]}}],"collection":[{"href":"https:\/\/lesmotsrelies.fr\/index.php\/wp-json\/wp\/v2\/pages"}],"about":[{"href":"https:\/\/lesmotsrelies.fr\/index.php\/wp-json\/wp\/v2\/types\/page"}],"author":[{"embeddable":true,"href":"https:\/\/lesmotsrelies.fr\/index.php\/wp-json\/wp\/v2\/users\/2"}],"replies":[{"embeddable":true,"href":"https:\/\/lesmotsrelies.fr\/index.php\/wp-json\/wp\/v2\/comments?post=47"}],"version-history":[{"count":24,"href":"https:\/\/lesmotsrelies.fr\/index.php\/wp-json\/wp\/v2\/pages\/47\/revisions"}],"predecessor-version":[{"id":1147,"href":"https:\/\/lesmotsrelies.fr\/index.php\/wp-json\/wp\/v2\/pages\/47\/revisions\/1147"}],"up":[{"embeddable":true,"href":"https:\/\/lesmotsrelies.fr\/index.php\/wp-json\/wp\/v2\/pages\/15"}],"wp:attachment":[{"href":"https:\/\/lesmotsrelies.fr\/index.php\/wp-json\/wp\/v2\/media?parent=47"}],"curies":[{"name":"wp","href":"https:\/\/api.w.org\/{rel}","templated":true}]}}